hen 47 is divided by 27.
20
Calculate the remainder when 248 is divided by 118.
12
What is the remainder when 719 is divided by 234?
17
Calculate the remainder when 275 is divided by 95.
85
Calculate the remainder when 107 is divided by 11.
8
What is the remainder when 288 is divided by 100?
88
Calculate the remainder when 39 is divided by 33.
6
What is the remainder when 163 is divided by 25?
13
Calculate the remainder when 23 is divided by 8.
7
What is the remainder when 169 is divided by 10?
9
Calculate the remainder when 354 is divided by 89.
87
Calculate the remainder when 675 is divided by 221.
12
Calculate the remainder when 3303 is divided by 195.
183
Calculate the remainder when 573 is divided by 8.
5
What is the remainder when 39 is divided by 22?
17
What is the remainder when 403 is divided by 114?
61
What is the remainder when 9834 is divided by 35?
34
Calculate the remainder when 998 is divided by 76.
10
Calculate the remainder when 35 is divided by 26.
9
Calculate the remainder when 87 is divided by 25.
12
What is the remainder when 66 is divided by 37?
29
Calculate the remainder when 395 is divided by 18.
17
What is the remainder when 213 is divided by 36?
33
What is the remainder when 537 is divided by 108?
105
Calculate the remainder when 66 is divided by 38.
28
Calculate the remainder when 144 is divided by 87.
57
Calculate the remainder when 1902 is divided by 30.
12
Calculate the remainder when 8561 is divided by 15.
11
What is the remainder when 679 is divided by 77?
63
Calculate the remainder when 94 is divided by 13.
3
What is the remainder when 185 is divided by 83?
19
What is the remainder when 338 is divided by 85?
83
What is the remainder when 70 is divided by 25?
20
Calculate the remainder when 435 is divided by 102.
27
Calculate the remainder when 74 is divided by 25.
24
What is the remainder when 5333 is divided by 23?
20
Calculate the remainder when 116 is divided by 36.
8
Calculate the remainder when 51 is divided by 10.
1
What is the remainder when 243 is divided by 117?
9
What is the remainder when 340 is divided by 38?
36
What is the remainder when 287 is divided by 29?
26
What is the remainder when 474 is divided by 474?
0
Calculate the remainder when 263 is divided by 90.
83
Calculate the remainder when 2203 is divided by 129.
10
What is the remainder when 556 is divided by 80?
76
Calculate the remainder when 129 is divided by 22.
19
Calculate the remainder when 725 is divided by 104.
101
Calculate the remainder when 1405 is divided by 1402.
3
What is the remainder when 4344 is divided by 63?
60
Calculate the remainder when 35 is divided by 18.
17
Calculate the remainder when 1050 is divided by 34.
30
What is the remainder when 126 is divided by 37?
15
What is the remainder when 465 is divided by 36?
33
Calculate the remainder when 135 is divided by 8.
7
Calculate the remainder when 4820 is divided by 13.
10
What is the remainder when 493 is divided by 17?
0
What is the remainder when 132 is divided by 27?
24
What is the remainder when 27497 is divided by 100?
97
What is the remainder when 3212 is divided by 1?
0
Calculate the remainder when 145 is divided by 73.
72
What is the remainder when 7494 is divided by 51?
48
What is the remainder when 6306 is divided by 78?
66
What is the remainder when 4306 is divided by 5?
1
Calculate the remainder when 475 is divided by 203.
69
What is the remainder when 296 is divided by 33?
32
Calculate the remainder when 26197 is divided by 131.
128
What is the remainder when 540 is divided by 272?
268
Calculate the remainder when 545 is divided by 110.
105
Calculate the remainder when 2724 is divided by 74.
60
What is the remainder when 83 is divided by 57?
26
Calculate the remainder when 339 is divided by 84.
3
Calculate the remainder when 455 is divided by 2.
1
Calculate the remainder when 365 is divided by 6.
5
Calculate the remainder when 347 is divided by 8.
3
What is the remainder when 91 is divided by 8?
3
What is the remainder when 1889 is divided by 31?
29
What is the remainder when 198 is divided by 52?
42
Calculate the remainder when 1722 is divided by 115.
112
Calculate the remainder when 1567 is divided by 60.
7
What is the remainder when 55271 is divided by 29?
26
What is the remainder when 321 is divided by 33?
24
What is the remainder when 1695 is divided by 413?
43
What is the remainder when 1482 is divided by 93?
87
Calculate the remainder when 5008 is divided by 6.
4
Calculate the remainder when 508 is divided by 174.
160
What is the remainder when 1312 is divided by 328?
0
What is the remainder when 218 is divided by 20?
18
Calculate the remainder when 1104 is divided by 124.
112
What is the remainder when 283 is divided by 269?
14
Calculate the remainder when 233 is divided by 18.
17
Calculate the remainder when 32 is divided by 11.
10
What is the remainder when 995 is divided by 27?
23
What is the remainder when 655 is divided by 9?
7
Calculate the remainder when 376 is divided by 64.
56
Calculate the remainder when 20 is divided by 10.
0
What is the remainder when 76 is divided by 8?
4
Calculate the remainder when 1403 is divided by 155.
8
What is the remainder when 212 is divided by 59?
35
What is the remainder when 430 is divided by 147?
136
Calculate the remainder when 1403 is divided by 101.
90
Calculate the remainder when 123 is divided by 39.
6
Calculate the remainder when 613 is divided by 258.
97
What is the remainder when 49 is divided by 11?
5
What is the remainder when 675 is divided by 658?
17
Calculate the remainder when 229 is divided by 39.
34
What is the remainder when 5509 is divided by 11?
9
Calculate the remainder when 111 is divided by 44.
23
Calculate the remainder when 15199 is divided by 362.
357
What is the remainder when 33 is divided by 6?
3
What is the remainder when 4716 is divided by 9?
0
What is the remainder when 4809 is divided by 109?
13
Calculate the remainder when 48 is divided by 5.
3
Calculate the remainder when 93 is divided by 49.
44
What is the remainder when 2209 is divided by 65?
64
Calculate the remainder when 3029 is divided by 15.
14
What is the remainder when 1165 is divided by 73?
70
What is the remainder when 7640 is divided by 26?
22
What is the remainder when 193 is divided by 46?
9
What is the remainder when 769 is divided by 22?
21
Calculate the remainder when 107 is divided by 57.
50
What is the remainder when 5217 is divided by 227?
223
What is the remainder when 61 is divided by 18?
7
What is the remainder when 5842 is divided by 279?
262
What is the remainder when 136 is divided by 35?
31
What is the remainder when 1403 is divided by 67?
63
What is the remainder when 487 is divided by 67?
18
What is the remainder when 4001 is divided by 111?
5
What is the remainder when 16 is divided by 8?
0
What is the remainder when 184 is divided by 89?
6
Calculate the remainder when 350 is divided by 62.
40
What is the remainder when 6707 is divided by 25?
7
Calculate the remainder when 86 is divided by 44.
42
Calculate the remainder when 154 is divided by 15.
4
What is the remainder when 252 is divided by 52?
44
Calculate the remainder when 652 is divided by 136.
108
Calculate the remainder when 390 is divided by 8.
6
What is the remainder when 739 is divided by 93?
88
Calculate the remainder when 2346 is divided by 761.
63
What is the remainder when 122 is divided by 25?
22
Calculate the remainder when 355 is divided by 353.
2
What is the remainder when 124 is divided by 14?
12
What is the remainder when 190 is divided by 31?
4
Calculate the remainder when 32 is divided by 26.
6
Calculate the remainder when 774 is divided by 377.
20
Calculate the remainder when 553 is divided by 15.
13
What is the remainder when 252 is divided by 122?
8
What is the remainder when 606 is divided by 236?
134
What is the remainder when 1837 is divided by 5?
2
Calculate the remainder when 171 is divided by 66.
39
What is the remainder when 687 is divided by 116?
107
Calculate the remainder when 186 is divided by 80.
26
What is the remainder when 13 is divided by 5?
3
What is the remainder when 428 is divided by 54?
50
Calculate the remainder when 1188 is divided by 393.
9
What is the remainder when 4552 is divided by 207?
